t the prime factors of x(l).
5, 19
Let d(v) = v**3 - 16*v**2 + 16*v + 71. Let u be d(16). Let z = u - 82. What are the prime factors of z?
5, 7
Let r(n) = -6*n**2 + 55*n - 3. Let q be r(11). Suppose 5*y = -2*i + 448, i + y - 2*y - 224 = 0. Let j = q + i. What are the prime factors of j?
2, 5
Let s(x) = 135*x**3 - 3*x**2 - 8*x - 27. List the prime factors of s(7).
5, 19, 97
Suppose 446 = p - 4*d - 128, 1120 = 2*p - d. Let y = 181 + -518. Let r = p + y. What are the prime factors of r?
13, 17
Let b = 4253 - -6359. List the prime factors of b.
2, 7, 379
Suppose 3*o - 4*f = 77377, -5*f = o - 6267 - 19576. What are the prime factors of o?
3, 47, 61
Let y = -130 - -134. Suppose -2*j + 5*h = j + 22, y*j - 4*h = -24. Let u(n) = -5*n + 16. What are the prime factors of u(j)?
2, 3
Suppose 2*v = 5*j - 9434 - 19326, 0 = 3*j + 4*v - 17256. List the prime factors of j.
2, 719
What are the prime factors of (-1957)/(-1957)*(1 + 277 - (1 + -1))?
2, 139
Suppose 381091 + 70384 = 25*w. List the prime factors of w.
18059
Let t = -129 - -164. Let d be (-168)/(-32) - 1/4. Suppose -t = -d*j + 5*n, j - n - n = 10. What are the prime factors of j?
2
Let g(h) = -5*h**2 + 2*h - 5. Let s be g(4). Let b = 841 - 704. Let w = b + s. List the prime factors of w.
2, 3, 5
Let d(c) = -592*c - 10. List the prime factors of d(-33).
2, 13, 751
Let d(t) = -815*t + 5091. What are the prime factors of d(-41)?
2, 13, 1481
Let q(o) = 4*o - 94. Let f be q(22). Let m(a) = 56*a + 1. Let w(c) = 37*c + 1. Let t(y) = -5*m(y) + 7*w(y). What are the prime factors of t(f)?
2
Let u(i) = -i**3 + i**2 - i + 16. Let n be 9*((-22)/(-6) - 4) + 3. List the prime factors of u(n).
2
What are the prime factors of 88678/24 - ((-1265)/60 - -21)?
5, 739
Let b(a) = 45*a**3 + a**2 + 10*a + 7. Let x(i) = 91*i**3 + 2*i**2 + 21*i + 15. Let l(z) = -7*b(z) + 3*x(z). List the prime factors of l(-2).
2, 3, 19
Let v(y) = 17*y**3 + 2*y**2 - 2*y + 1. Let o be v(1). Let r = o - 20. What are the prime factors of r/2 + (112/2 - 1)?
2, 3
Suppose 242*h = 187*h + 228030. What are the prime factors of h?
2, 3, 691
Let f = 32432 + -729. What are the prime factors of f?
7, 647
Suppose 3*h = 3*i + i - 15, 2*i = -5*h + 27. Let p be 3 + (-24)/i - -4. Suppose -v + 178 = d + p*d, -2*d + v + 92 = 0. What are the prime factors of d?
3, 5
Let q = -150 + 1453. Suppose -8*l - 95 + q = 0. Suppose -7*k + 4*k + l = d, 332 = 2*d - 4*k. What are the prime factors of d?
2, 5
Let h(i) = -6*i**2 + 4 - 7*i - 231*i**2 + 27*i**2. Let q(b) = -70*b**2 - 2*b + 1. Let s(k) = 2*h(k) - 7*q(k). List the prime factors of s(-1).
71
Suppose 12*z - 7554 = 3018. List the prime factors of z.
881
Suppose 4*a - 1389 + 237 = 0. Suppose -21*g + 25*g - a = 0. What are the prime factors of g?
2, 3
Suppose a = c - 3 - 10, -47 = -3*c + 5*a. Let v(q) = 44*q + 58. List the prime factors of v(c).
2, 227
Let y(h) = -13*h + 123. Let u be y(11). List the prime factors of u/(-5) + -1 + (-2 - -255).
2
Let h be (-68)/(-18) + (-10)/(-45). What are the prime factors of 6/((-210)/(-6115)) + h/14?
5, 7
Suppose 7076 = 2*p + 708. Suppose p = 3*o + 13*o. List the prime factors of o.
199
What are the prime factors of 6524 + (-10 - -1 - (-49 + 36))?
2, 3, 17
Let z = -2282 + 6187. List the prime factors of z.
5, 11, 71
Let b = -9 - -9. Let g(f) = 7*f**2 + f + 365. List the prime factors of g(b).
5, 73
List the prime factors of 13/(-39) + ((-167820)/18)/(-10).
2, 233
Let q(p) = 11 - 2*p + 6*p - 4*p + p. Let a be q(-8). Suppose a*d - 66 - 24 = 0. List the prime factors of d.
2, 3, 5
Suppose 17066 = 3*q + f, 5*f = -3*q - 5075 + 22149. What are the prime factors of q?
2, 3, 79
What are the prime factors of (((-941985)/44)/(-33))/(2/16)?
2, 3, 5, 173
List the prime factors of (-4)/(-58) + (-4556160)/(-435).
2, 5237
Let c(y) = 749*y**2 + y - 20. What are the prime factors of c(4)?
2, 11, 17
Let y(d) be the first derivative of -20*d**2 - 71*d + 87. List the prime factors of y(-21).
769
Suppose -47 = -3*y - n - 4*n, 53 = 4*y - 3*n. Suppose 8*z - z = y. List the prime factors of -4*((-1)/z + 0).
2
Let y(b) = -5*b - 84. Let c be y(-18). Suppose -c*r + 765 = 9*r. What are the prime factors of r?
3, 17
Let a be (-72)/4*1047/(-9). Suppose 0 = -10*s + 4*s + a. List the prime factors of s.
349
Suppose 2*l + 195 = -0*l - 5*n, 3*l + 275 = -4*n. Let p = l - -76. What are the prime factors of ((-6)/(-4) - p/6) + 138?
3, 47
Suppose 0 = 2*d + 4*b - 24, 2*d - b + 16 = 5*d. Suppose 992 = d*m - q - 3555, 3 = -q. List the prime factors of m.
2, 71
Let s be (12 + -7)*-17 + 2*1. Let u = s - -164. What are the prime factors of u?
3
Suppose -9*d + 11*d = 26. Suppose 6 - d = -u. Suppose -4*c - 306 = -u*c. What are the prime factors of c?
2, 3, 17
Suppose 17*b - 11*b - 4308 = 0. Let x = -182 + b. What are the prime factors of x?
2, 67
Suppose 183*y - 4141248 = -9*y. What are the prime factors of y?
21569
Let o(r) = -r**2 + 21*r - 55. Let t(j) = -3 - 89 + 2*j**2 - 42*j + 202. Let h(y) = 5*o(y) + 3*t(y). List the prime factors of h(19).
17
Suppose 0 = 5*i - 7097 + 1707. Suppose -8 = -3*n + i. What are the prime factors of n?
2, 181
Let t = 1125 - -845. Let v = t + -1334. What are the prime factors of v?
2, 3, 53
Suppose 182579 = 62*t - 11667. What are the prime factors of t?
13, 241
Let w be -3 + (-3)/((-9)/33). Let m be (-4)/w + (-3)/(-6). Suppose m = 3*j - j - 148. What are the prime factors of j?
2, 37
Let t(q) = -22*q + 50*q - 14*q + 6 + 10. Let g(o) = -7*o - 8. Let j(w) = 9*g(w) + 4*t(w). List the prime factors of j(-6).
2, 17
Suppose 0 = v + 4*v - 410. Let w = -4 + v. Let y = w - 56. List the prime factors of y.
2, 11
Suppose -2*r + 3*d = -51, 2*r - 63 - 8 = -d. Let b = r + 1028. What are the prime factors of b?
1061
Let f(b) = -57*b**3 + 5*b**2 + 8*b + 4. Let p be f(-2). Let q = -407 + p. List the prime factors of q.
3, 19
Let h = -12513 - -24144. List the prime factors of h.
3, 3877
Let j(z) = -244*z + 32. Let r be j(7). Let c = 3196 + r. What are the prime factors of c?
2, 5, 19
Let q = -54 - -94. Suppose -868 = 33*l - q*l. List the prime factors of l.
2, 31
Suppose 6*a - a = 5*j + 85, 5*j + 20 = 0. Suppose -w + 538 = -4*c, -8*w + a*w + c - 2648 = 0. List the prime factors of w.
2, 5, 53
Suppose -28*l - l + 38773 = 0. Let r = l - 633. List the prime factors of r.
2, 11
Let w = 2327 - 1378. Let i = 1399 - w. List the prime factors of i.
2, 3, 5
Let q = -169 + 172. Suppose h - 5*h = -q*b - 804, -4*b - 1004 = -5*h. List the prime factors of h.
2, 3, 17
Suppose -20*f - 12414 - 20586 = 0. Let i = 2769 + f. List the prime factors of i.
3, 373
Let k(b) = -b**2 - 3*b + 10. Let c be k(-5). Suppose 4*d + u - 4130 = c, 23*u - 22*u = 2. What are the prime factors of d?
2, 3, 43
Suppose -674 = -r - 5*g, 0*r + 2*r - 3*g - 1309 = 0. Let f = -1663 + r. What are the prime factors of 4/22 + (-4 - f/44)?
19
Suppose 3*b = 9, -2*x - 4*b = 10 - 30. Suppose -x*y - 499 + 2351 = 0. What are the prime factors of y?
463
Let u be (2 + -5 + 4)/((-1)/(-2)). Let d be (-5)/2*(-4 + u). Suppose -d*z - 5*q + 250 = 0, -77 - 29 = -2*z + q. What are the prime factors of z?
2, 13
Let j = 15 - 12. Suppose 0 = -6*q + 7*q + j. What are the prime factors of (q - -6)/(124/(-136) - -1)?
2, 17
Let m(k) = -1253*k - 217. List the prime factors of m(-4).
5, 7, 137
Suppose 0 = -16*h + 6617 + 25559. What are the prime factors of h?
2011
Let w = -3846 - -4390. What are the prime factors of w?
2, 17
Let w(i) = -9*i + 9. Let n(x) = x**2 + 7*x + 5. Suppose -6 = 6*j + 24. Let p be n(j). List the prime factors of w(p).
2, 3
Let l = 1635 - 1153. Let m = 901 + -896. Suppose 5*t + l = 2*n, 4*n + m*t - 698 = n. What are the prime factors of n?
2, 59
Let y(n) = -398*n + 4411. List the prime factors of y(-59).
27893
Let d = 4 + -3. Let p(n) = 7*n - 7. Let b be p(d). Suppose b*v - 132 = -4*v. What are the prime factors of v?
3, 11
Let n be -1*5/(-3)*-3. Let z(b) = 3*b + 6 + 0 - 52*b**2 + 6 + 55*b**2. What are the prime factors of z(n)?
2, 3
Let s be (2/(2/21))/1. Suppose 16918 = s*d + 3667. List the prime factors of d.
631
Let p(q) = 23*q**2 + 53*q - 512. What are the prime factors of p(15)?
2, 2729
Suppose 201*o - 1584 = 157*o. Let z = -1255 + -872. List the prime factors of 8/o - (z/27 - -2).
7, 11
List the prime factors of 1847096/94 + (-24)/(-564).
2, 3, 5, 131
What